es 3 divide 113?
False
Is 615 a multiple of 40?
False
Is 1212 a multiple of 39?
False
Is 506 a multiple of 59?
False
Is 49 a factor of 343?
True
Is 1410 a multiple of 15?
True
Is 20 a factor of 1140?
True
Does 18 divide 1188?
True
Is 10 a factor of 5190?
True
Is 29 a factor of 5394?
True
Does 82 divide 164?
True
Is 60191 a multiple of 182?
False
Does 15 divide 26970?
True
Is 49521 a multiple of 47?
False
Does 13 divide 1259?
False
Does 48 divide 11769?
False
Is 27142 a multiple of 245?
False
Is 35 a factor of 7630?
True
Is 67 a multiple of 7?
False
Does 12 divide 804?
True
Does 17 divide 12546?
True
Is 13 a factor of 8987?
False
Is 610 a multiple of 38?
False
Is 10 a factor of 7640?
True
Is 2 a factor of 3267?
False
Is 6260 a multiple of 21?
False
Is 1653 a multiple of 8?
False
Is 509 a multiple of 12?
False
Is 81 a factor of 6156?
True
Does 143 divide 29547?
False
Is 2049 a multiple of 90?
False
Is 122 a factor of 22798?
False
Is 2916 a multiple of 54?
True
Is 3 a factor of 1843?
False
Does 43 divide 8170?
True
Is 12 a factor of 4392?
True
Does 6 divide 424?
False
Is 54 a factor of 54?
True
Is 13804 a multiple of 17?
True
Does 12 divide 192?
True
Is 97 a factor of 1531?
False
Is 19 a factor of 1197?
True
Is 56672 a multiple of 9?
False
Is 41 a factor of 18737?
True
Does 56 divide 616?
True
Is 284 a multiple of 7?
False
Does 7 divide 91?
True
Is 357 a multiple of 7?
True
Is 204 a factor of 6918?
False
Does 23 divide 2375?
False
Does 8 divide 1660?
False
Is 19 a factor of 58607?
False
Is 1582 a multiple of 58?
False
Does 59 divide 37022?
False
Is 5060 a multiple of 110?
True
Is 116 a multiple of 58?
True
Is 30 a factor of 710?
False
Is 14 a factor of 2418?
False
Is 774 a multiple of 43?
True
Does 19 divide 19304?
True
Does 26 divide 1170?
True
Is 5781 a multiple of 55?
False
Is 8 a factor of 8419?
False
Is 31560 a multiple of 399?
False
Does 54 divide 102218?
False
Is 60078 a multiple of 57?
True
Is 46 a factor of 276?
True
Does 18 divide 4834?
False
Does 17 divide 1069?
False
Does 13 divide 10368?
False
Is 36 a factor of 1620?
True
Is 15 a factor of 4580?
False
Does 4 divide 588?
True
Is 25 a factor of 856?
False
Does 41 divide 9389?
True
Is 42 a factor of 4483?
False
Is 38856 a multiple of 5?
False
Does 246 divide 78628?
False
Does 66 divide 351?
False
Is 4533 a multiple of 3?
True
Does 11 divide 660?
True
Is 27 a factor of 69255?
True
Does 5 divide 135?
True
Is 1156 a multiple of 23?
False
Is 122 a multiple of 13?
False
Does 20 divide 61504?
False
Does 48 divide 423?
False
Is 92 a multiple of 45?
False
Is 49 a factor of 4459?
True
Is 45 a factor of 81900?
True
Is 11 a factor of 3399?
True
Does 48 divide 624?
True
Is 1518 a multiple of 32?
False
Is 21 a factor of 63?
True
Does 16 divide 21052?
False
Does 213 divide 9159?
True
Is 388 a multiple of 18?
False
Is 633 a multiple of 3?
True
Is 2 a factor of 140?
True
Does 29 divide 717?
False
Does 2 divide 37?
False
Is 6 a factor of 552?
True
Is 8355 a multiple of 15?
True
Is 55608 a multiple of 14?
True
Is 258 a factor of 12900?
True
Is 10 a factor of 713?
False
Is 3 a factor of 2908?
False
Does 69 divide 1104?
True
Is 123 a factor of 6454?
False
Is 17907 a multiple of 90?
False
Does 46 divide 230?
True
Does 5 divide 316?
False
Does 16 divide 32?
True
Is 60 a factor of 1246?
False
Is 24 a factor of 576?
True
Is 2486 a multiple of 2?
True
Is 6 a factor of 1307?
False
Is 723 a multiple of 51?
False
Does 19 divide 291?
False
Is 325 a factor of 12568?
False
Is 74376 a multiple of 72?
True
Does 21 divide 1478?
False
Does 19 divide 2437?
False
Does 11 divide 28521?
False
Is 15 a factor of 21750?
True
Does 18 divide 8226?
True
Does 61 divide 3562?
False
Is 17 a factor of 3497?
False
Is 292 a factor of 39128?
True
Is 252 a multiple of 63?
True
Is 64 a factor of 3968?
True
Is 40584 a multiple of 25?
False
Is 14 a factor of 826?
True
Is 18119 a multiple of 4?
False
Does 23 divide 1357?
True
Is 108 a multiple of 2?
True
Is 2808 a multiple of 78?
True
Does 36 divide 288?
True
Is 2115 a multiple of 47?
True
Does 7 divide 21?
True
Is 22272 a multiple of 48?
True
Is 32 a factor of 3732?
False
Is 5 a factor of 9940?
True
Does 21 divide 210?
True
Does 61 divide 1068?
False
Does 42 divide 2050?
False
Is 1161 a multiple of 52?
False
Is 1349 a multiple of 19?
True
Does 11 divide 869?
True
Is 19551 a multiple of 147?
True
Does 31 divide 30659?
True
Is 27150 a multiple of 181?
True
Is 25 a factor of 3257?
False
Is 12 a factor of 2512?
False
Does 47 divide 2841?
False
Does 28 divide 83?
False
Does 36 divide 9345?
False
Is 36 a factor of 650?
False
Is 5278 a multiple of 26?
True
Is 3 a factor of 681?
True
Does 4 divide 1476?
True
Does 3 divide 1282?
False
Does 85 divide 5270?
True
Does 22 divide 481?
False
Is 266 a multiple of 19?
True
Does 36 divide 540?
True
Is 8042 a multiple of 47?
False
Is 44 a factor of 1651?
False
Does 100 divide 2500?
True
Is 210 a multiple of 6?
True
Is 5 a factor of 7666?
False
Is 93 a factor of 440?
False
Does 10 divide 315?
False
Is 2 a factor of 9?
False
Is 882 a multiple of 7?
True
Does 98 divide 6953?
False
Does 177 divide 2787?
False
Is 3850 a multiple of 5?
True
Is 2921 a multiple of 23?
True
Is 78 a factor of 780?
True
Is 152 even?
True
Is 22 a factor of 682?
True
Does 28 divide 1596?
True
Does 17 divide 412?
False
Does 46 divide 244?
False
Is 35690 a multiple of 166?
True
Is 288 a factor of 18720?
True
Is 32 a factor of 10760?
False
Is 1841 a multiple of 177?
False
Does 39 divide 8728?
False
Does 9 divide 826?
False
Is 2 a factor of 3939?
False
Is 5935 a multiple of 51?
False
Does 36 divide 13860?
True
Is 1383 a multiple of 88?
False
Does 11 divide 6104?
False
Does 7 divide 22?
False
Does 33 divide 99?
True
Is 704 a multiple of 8?
True
Does 38 divide 219?
False
Does 14 divide 1274?
True
Is 2 a factor of 4043?
False
Is 11 a factor of 37334?
True
Is 8932 a multiple of 14?
True
Is 1672 a multiple of 101?
False
Does 4 divide 83?
False
Is 19925 a multiple of 19?
False
Is 83 a multiple of 2?
False
Is 5 a factor of 78?
False
Is 152218 a multiple of 374?
True
Does 225 divide 15016?
False
Does 8 divide 782?
False
Is 1623 a multiple of 4?
False
Is 14 a factor of 1624?
True
Is 374 a multiple of 11?
True
Does 151 divide 28539?
True
Does 10 divide 1020?
True
Is 587 a multiple of 10?
False
Does 16 divide 6768?
True
Does 79 divide 1550?
False
Is 21386 a multiple of 17?
True
Is 610 a multiple of 10?
True
Is 15 a factor of 1691?
False
Is 429 a multiple of 143?
True
Is 23 a factor of 138?
True
Does 4 divide 1499?
False
Is 1566 a multiple of 27?
True
Is 12 a factor of 1293?
False
Does 10 divide 9569?
False
Does 7 divide 441?
True
Is 7 a factor of 4771?
False
Does 5 divide 850?
True
Does 4 divide 204?
True
Is 466 a multiple of 14?
False
Is 134 a multiple of 67?
True
Does 37 divide 339?
False
Does 74 divide 6364?
True
Is 1520 a multiple of 16?
True
Is 15 a factor of 1905?
True
Is 9857 a multiple of 164?
False
Is 11 a factor of 49225?
True
Is 141 a factor of 15555?
False
Does 21 divide 1133?
False
Does 120 divide 41706?
False
Is 2586 a multiple of 40?
False
Does 73 divide 3942?
True
Is 22 a factor of 770?
True
Is 8 a factor of 264?
True
Is 58 a factor of 5348?
False
Is 7770 a multiple of 210?
True
Does 76 divide 380?
True
Is 11699 a multiple of 90?
False
Does 3 divide 420?
True
Does 4 divide 3922?
False
Does 28 divide 756?
True
Is 166 a multiple of 3?
False
Is 11 a factor of 627?
True
Does 18 divide 594?
True
Does 15 divide 450?
True
Is 4674 a multiple of 13?
False
Is 2125 a multiple of 25?
True
Is 28 a factor of 672?
True
Is 1404 a multiple of 36?
True
Does 28 divide 196?
True
Does 16 divide 7752?
False
Is 8050 a multiple of 14?
True
Is 24 a factor of 674?
False
Is 16 a factor of 2050?
False
Does 59 divide 475?
False
Is 25 a factor of 700?
True
Is 390 a multiple of 15?
True
Is 13 a factor of 103?
False
Is 1983 a multiple of 57?
False
Does 69 divide 16374?
False
Is 1276 a multiple of 49?
False
Is 6693 a multiple of 65?
False
Does 20 divide 640?
True
Is 33 a factor of 99?
True
Is 880 a multiple of 20?
True
Is 42 a factor of 73860?
False
Does 85 divide 4793?
False
Does 24 divide 2256?
True
Is 109 a factor of 29430?
True
Does 220 divide 12315?
False
Is 55 a factor of 165?
True
Does 6 divide 157?
False
Doe